{"id":33,"date":"2017-11-15T21:01:22","date_gmt":"2017-11-15T21:01:22","guid":{"rendered":"http:\/\/upromex.pl\/?page_id=33"},"modified":"2018-08-28T14:52:05","modified_gmt":"2018-08-28T13:52:05","slug":"przemyslowy-serwis-olejowy","status":"publish","type":"page","link":"http:\/\/www.upromex.pl\/?page_id=33","title":{"rendered":"Oleje, smary i us\u0142ugi dla przemys\u0142u"},"content":{"rendered":"<h3><\/h3>\n<p><strong>UPROMEX Dzia\u0142 przemys\u0142owy<\/strong><\/p>\n<p>tel. kom. : +48 668 497 067<\/p>\n<p>tel. stacjonarny: +48 52 345 35 00 wew. 41<\/p>\n<p>e-mail: krzysztof.piekarski@upromex.pl<\/p>\n<ul>\n<li><strong>Dystrybucja przemys\u0142owych \u015brodk\u00f3w smarnych, ch\u0142odziw obr\u00f3bczych, filtr\u00f3w przemys\u0142owych, mat i w\u0142\u00f3knin filtracyjnych<\/strong><\/li>\n<li><strong>Doradztwo techniczne<\/strong><\/li>\n<li><strong>Monitoring i analiza ch\u0142odziw oraz olej\u00f3w zar\u00f3wno na miejscu u klienta jak r\u00f3wnie\u017c w specjalistycznych laboratoriach krajowych i zagranicznych<\/strong><\/li>\n<\/ul>\n<h2><em><strong>Jeste\u015bmy gotowi dostarczy\u0107 oleje i smary dowolnej marki. <\/strong><\/em><\/h2>\n<h2><em><strong>Zapraszamy do sk\u0142adania zapyta\u0144.\u00a0<\/strong><\/em><\/h2>\n<h3><strong>Nasi g\u0142\u00f3wni partnerzy handlowi to:<\/strong><\/h3>\n<p>&nbsp;<\/p>\n<figure id=\"attachment_105\" aria-describedby=\"caption-attachment-105\" style=\"width: 600px\" class=\"wp-caption aligncenter\"><img loading=\"lazy\" decoding=\"async\" class=\"wp-image-105 size-full\" src=\"http:\/\/www.upromex.pl\/wp-content\/uploads\/2018\/08\/logo_bechem.png\" alt=\"\" width=\"600\" height=\"243\" srcset=\"http:\/\/www.upromex.pl\/wp-content\/uploads\/2018\/08\/logo_bechem.png 600w, http:\/\/www.upromex.pl\/wp-content\/uploads\/2018\/08\/logo_bechem-300x122.png 300w\" sizes=\"auto, (max-width: 600px) 100vw, 600px\" \/><figcaption id=\"caption-attachment-105\" class=\"wp-caption-text\"><strong>BECHEM &#8211; Ch\u0142odziwa, oleje, produkty specjalistyczne<\/strong><\/figcaption><\/figure>\n<figure id=\"attachment_107\" aria-describedby=\"caption-attachment-107\" style=\"width: 600px\" class=\"wp-caption aligncenter\"><img loading=\"lazy\" decoding=\"async\" class=\"wp-image-107 size-full\" src=\"http:\/\/www.upromex.pl\/wp-content\/uploads\/2018\/08\/logo_castrol_industrial.png\" alt=\"\" width=\"600\" height=\"339\" srcset=\"http:\/\/www.upromex.pl\/wp-content\/uploads\/2018\/08\/logo_castrol_industrial.png 600w, http:\/\/www.upromex.pl\/wp-content\/uploads\/2018\/08\/logo_castrol_industrial-300x170.png 300w\" sizes=\"auto, (max-width: 600px) 100vw, 600px\" \/><figcaption id=\"caption-attachment-107\" class=\"wp-caption-text\"><strong>CASTROL &#8211; Oleje, smary i ch\u0142odziwa dla przemys\u0142u<\/strong><\/figcaption><\/figure>\n<figure id=\"attachment_109\" aria-describedby=\"caption-attachment-109\" style=\"width: 600px\" class=\"wp-caption aligncenter\"><img loading=\"lazy\" decoding=\"async\" class=\"wp-image-109 size-full\" src=\"http:\/\/www.upromex.pl\/wp-content\/uploads\/2018\/08\/logo_fuchs.png\" alt=\"\" width=\"600\" height=\"334\" srcset=\"http:\/\/www.upromex.pl\/wp-content\/uploads\/2018\/08\/logo_fuchs.png 600w, http:\/\/www.upromex.pl\/wp-content\/uploads\/2018\/08\/logo_fuchs-300x167.png 300w\" sizes=\"auto, (max-width: 600px) 100vw, 600px\" \/><figcaption id=\"caption-attachment-109\" class=\"wp-caption-text\"><strong>FUCHS &#8211; Ch\u0142odziwa, oleje i smary dla przemys\u0142u<\/strong><\/figcaption><\/figure>\n<figure id=\"attachment_110\" aria-describedby=\"caption-attachment-110\" style=\"width: 600px\" class=\"wp-caption aligncenter\"><img loading=\"lazy\" decoding=\"async\" class=\"wp-image-110 size-full\" src=\"http:\/\/www.upromex.pl\/wp-content\/uploads\/2018\/08\/logo_total.png\" alt=\"\" width=\"600\" height=\"241\" srcset=\"http:\/\/www.upromex.pl\/wp-content\/uploads\/2018\/08\/logo_total.png 600w, http:\/\/www.upromex.pl\/wp-content\/uploads\/2018\/08\/logo_total-300x121.png 300w\" sizes=\"auto, (max-width: 600px) 100vw, 600px\" \/><figcaption id=\"caption-attachment-110\" class=\"wp-caption-text\"><strong>TOTAL &#8211; Oleje i smary dla przemys\u0142u<\/strong><\/figcaption><\/figure>\n<figure id=\"attachment_117\" aria-describedby=\"caption-attachment-117\" style=\"width: 600px\" class=\"wp-caption aligncenter\"><img loading=\"lazy\" decoding=\"async\" class=\"wp-image-117 size-full\" src=\"http:\/\/www.upromex.pl\/wp-content\/uploads\/2018\/08\/logo_mobil.png\" alt=\"\" width=\"600\" height=\"393\" srcset=\"http:\/\/www.upromex.pl\/wp-content\/uploads\/2018\/08\/logo_mobil.png 600w, http:\/\/www.upromex.pl\/wp-content\/uploads\/2018\/08\/logo_mobil-300x197.png 300w\" sizes=\"auto, (max-width: 600px) 100vw, 600px\" \/><figcaption id=\"caption-attachment-117\" class=\"wp-caption-text\"><strong>MOBIL &#8211; Oleje i smary przemys\u0142owe<\/strong><\/figcaption><\/figure>\n<figure id=\"attachment_132\" aria-describedby=\"caption-attachment-132\" style=\"width: 600px\" class=\"wp-caption aligncenter\"><img loading=\"lazy\" decoding=\"async\" class=\"wp-image-132 size-full\" src=\"http:\/\/www.upromex.pl\/wp-content\/uploads\/2018\/08\/logo_shell.png\" alt=\"\" width=\"600\" height=\"461\" srcset=\"http:\/\/www.upromex.pl\/wp-content\/uploads\/2018\/08\/logo_shell.png 600w, http:\/\/www.upromex.pl\/wp-content\/uploads\/2018\/08\/logo_shell-300x231.png 300w\" sizes=\"auto, (max-width: 600px) 100vw, 600px\" \/><figcaption id=\"caption-attachment-132\" class=\"wp-caption-text\"><strong>SHELL &#8211; Oleje i smary przemys\u0142owe<\/strong><\/figcaption><\/figure>\n<p><strong>Naszym klientom oferujemy profesjonalny serwis ch\u0142odziw a w jego ramach m.in.:<\/strong><\/p>\n<ul>\n<li><strong>Analizy ch\u0142odziw w trakcie eksploatacji<\/strong><\/li>\n<li><strong>W zale\u017cno\u015bci od zakresu bada\u0144 wykonujemy je na miejscu za pomoc\u0105 przeno\u015bnego laboratorium (sprawdzenie zawarto\u015bci jon\u00f3w wapnia \/ magnezu \/ r\u00f3\u017cnego rodzaju metali \/ azotyn\u00f3w, azotan\u00f3w, HCHO, Ph, st\u0119\u017cenia, itp..)<\/strong><\/li>\n<li><strong>W razie potrzeby pobierany pr\u00f3bki i wysy\u0142amy do specjalistycznych laboratori\u00f3w<\/strong><\/li>\n<\/ul>\n<figure id=\"attachment_129\" aria-describedby=\"caption-attachment-129\" style=\"width: 600px\" class=\"wp-caption alignnone\"><img loading=\"lazy\" decoding=\"async\" class=\"wp-image-129 size-full\" src=\"http:\/\/www.upromex.pl\/wp-content\/uploads\/2018\/08\/laboratorium.png\" alt=\"\" width=\"600\" height=\"221\" srcset=\"http:\/\/www.upromex.pl\/wp-content\/uploads\/2018\/08\/laboratorium.png 600w, http:\/\/www.upromex.pl\/wp-content\/uploads\/2018\/08\/laboratorium-300x111.png 300w\" sizes=\"auto, (max-width: 600px) 100vw, 600px\" \/><figcaption id=\"caption-attachment-129\" class=\"wp-caption-text\"><strong>Przeno\u015bne laboratorium olejowe. Szerokie spektrum bada\u0144 u klienta.<\/strong><\/figcaption><\/figure>\n<h2><strong>Serdecznie zapraszamy do wsp\u00f3\u0142pracy<\/strong><\/h2>\n","protected":false},"excerpt":{"rendered":"<p>UPROMEX Dzia\u0142 przemys\u0142owy tel. kom. : +48 668 497 067 tel. stacjonarny: +48 52 345 35 00 wew. 41 e-mail: krzysztof.piekarski@upromex.pl Dystrybucja przemys\u0142owych \u015brodk\u00f3w smarnych, ch\u0142odziw obr\u00f3bczych, filtr\u00f3w przemys\u0142owych, mat i w\u0142\u00f3knin filtracyjnych Doradztwo techniczne Monitoring i analiza ch\u0142odziw oraz olej\u00f3w zar\u00f3wno na miejscu u klienta jak r\u00f3wnie\u017c w specjalistycznych laboratoriach krajowych i zagranicznych Jeste\u015bmy [&hellip;]<\/p>\n","protected":false},"author":1,"featured_media":0,"parent":0,"menu_order":0,"comment_status":"closed","ping_status":"closed","template":"","meta":{"footnotes":""},"class_list":["post-33","page","type-page","status-publish","hentry"],"_links":{"self":[{"href":"http:\/\/www.upromex.pl\/index.php?rest_route=\/wp\/v2\/pages\/33","targetHints":{"allow":["GET"]}}],"collection":[{"href":"http:\/\/www.upromex.pl\/index.php?rest_route=\/wp\/v2\/pages"}],"about":[{"href":"http:\/\/www.upromex.pl\/index.php?rest_route=\/wp\/v2\/types\/page"}],"author":[{"embeddable":true,"href":"http:\/\/www.upromex.pl\/index.php?rest_route=\/wp\/v2\/users\/1"}],"replies":[{"embeddable":true,"href":"http:\/\/www.upromex.pl\/index.php?rest_route=%2Fwp%2Fv2%2Fcomments&post=33"}],"version-history":[{"count":20,"href":"http:\/\/www.upromex.pl\/index.php?rest_route=\/wp\/v2\/pages\/33\/revisions"}],"predecessor-version":[{"id":133,"href":"http:\/\/www.upromex.pl\/index.php?rest_route=\/wp\/v2\/pages\/33\/revisions\/133"}],"wp:attachment":[{"href":"http:\/\/www.upromex.pl\/index.php?rest_route=%2Fwp%2Fv2%2Fmedia&parent=33"}],"curies":[{"name":"wp","href":"https:\/\/api.w.org\/{rel}","templated":true}]}}