{"id":26,"date":"2017-11-15T20:07:47","date_gmt":"2017-11-15T20:07:47","guid":{"rendered":"http:\/\/upromex.pl\/?page_id=26"},"modified":"2022-12-02T10:47:57","modified_gmt":"2022-12-02T09:47:57","slug":"ok-serwis-warsztat-w-bydgoszczy-przy-ul-pulaskiego-27-na-osiedlu-lesnym","status":"publish","type":"page","link":"https:\/\/www.upromex.pl\/","title":{"rendered":"OK! Serwis &#8211; warsztat i cz\u0119\u015bci"},"content":{"rendered":"<p>Zapraszamy do naszego warsztatu samochodowego oferuj\u0105cego kompleksow\u0105 obs\u0142ug\u0119 w zakresie napraw i serwis\u00f3w eksploatacyjnych.<\/p>\n<p>\u015awiadczymy m.in. us\u0142ug\u0119 bezp\u0142atnej ekspresowej wymiany oleju Castrol lub Mobil (dotyczy oleju luzem).<br \/>\nWykonujemy kompleksowe naprawy zawieszenia i uk\u0142adu hamulcowego &#8211; posiadamy \u015bcie\u017ck\u0119 diagnostyczn\u0105.<br \/>\nNaprawiamy sprz\u0119g\u0142a i manualne skrzynie bieg\u00f3w. Wymieniamy rozrz\u0105dy i inny osprz\u0119t silnika.<br \/>\nSerwisujemy, nape\u0142niamy i czy\u015bcimy uk\u0142ady klimatyzacyjne.<br \/>\nOferujemy zaawansowana diagnostyk\u0119 silnika (r\u00f3wnie\u017c komputerow\u0105) oraz kasowanie b\u0142\u0119d\u00f3w komputera pojazdu.<br \/>\nPosiadamy r\u00f3wnie\u017c szeroka ofert\u0119 opon oraz \u015bwiadczymy us\u0142ugi ich wymiany i wywa\u017cania.<\/p>\n<p>Poniewa\u017c prowadzimy hurtowni\u0119 cz\u0119\u015bci Inter-Team prawie wszystkie cz\u0119\u015bci eksploatacyjne posiadamy na miejscu co niew\u0105tpliwie wp\u0142ywa korzystnie na szeroko\u015b\u0107 oferty, szybko\u015b\u0107 i poziom obs\u0142ugi.<\/p>\n<p>Zapraszamy do skorzystania z naszych us\u0142ug.<\/p>\n<p>Adres:<br \/>\nul. Kazimierza Pu\u0142askiego 27, 85-619 Bydgoszcz<br \/>\ntel.\/fax +48 (52) 345 35 00 wewn\u0119trzny 30<br \/>\ntel. kom. +48 (660) 75 42 45<br \/>\ne-mail: warsztat.bydgoszcz@upromex.pl<\/p>\n<p>Godziny pracy warsztatu:<br \/>\nponiedzia\u0142ek &#8211; pi\u0105tek: 8.00 &#8211; 17.00<\/p>\n","protected":false},"excerpt":{"rendered":"<p>Zapraszamy do naszego warsztatu samochodowego oferuj\u0105cego kompleksow\u0105 obs\u0142ug\u0119 w zakresie napraw i serwis\u00f3w eksploatacyjnych. \u015awiadczymy m.in. us\u0142ug\u0119 bezp\u0142atnej ekspresowej wymiany oleju Castrol lub Mobil (dotyczy oleju luzem). Wykonujemy kompleksowe naprawy zawieszenia i uk\u0142adu hamulcowego &#8211; posiadamy \u015bcie\u017ck\u0119 diagnostyczn\u0105. Naprawiamy sprz\u0119g\u0142a i manualne skrzynie bieg\u00f3w. Wymieniamy rozrz\u0105dy i inny osprz\u0119t silnika. Serwisujemy, nape\u0142niamy i czy\u015bcimy uk\u0142ady [&hellip;]<\/p>\n","protected":false},"author":1,"featured_media":0,"parent":0,"menu_order":0,"comment_status":"closed","ping_status":"closed","template":"","meta":{"footnotes":""},"class_list":["post-26","page","type-page","status-publish","hentry"],"_links":{"self":[{"href":"https:\/\/www.upromex.pl\/index.php?rest_route=\/wp\/v2\/pages\/26","targetHints":{"allow":["GET"]}}],"collection":[{"href":"https:\/\/www.upromex.pl\/index.php?rest_route=\/wp\/v2\/pages"}],"about":[{"href":"https:\/\/www.upromex.pl\/index.php?rest_route=\/wp\/v2\/types\/page"}],"author":[{"embeddable":true,"href":"https:\/\/www.upromex.pl\/index.php?rest_route=\/wp\/v2\/users\/1"}],"replies":[{"embeddable":true,"href":"https:\/\/www.upromex.pl\/index.php?rest_route=%2Fwp%2Fv2%2Fcomments&post=26"}],"version-history":[{"count":6,"href":"https:\/\/www.upromex.pl\/index.php?rest_route=\/wp\/v2\/pages\/26\/revisions"}],"predecessor-version":[{"id":171,"href":"https:\/\/www.upromex.pl\/index.php?rest_route=\/wp\/v2\/pages\/26\/revisions\/171"}],"wp:attachment":[{"href":"https:\/\/www.upromex.pl\/index.php?rest_route=%2Fwp%2Fv2%2Fmedia&parent=26"}],"curies":[{"name":"wp","href":"https:\/\/api.w.org\/{rel}","templated":true}]}}